ond derivative of g(o). What are the prime factors of k(0)?
5
Let u = 47 + 14. Suppose -m + u = 2*o, 0 = m - 4*m + 4*o + 213. What are the prime factors of m/(-16)*-4*12?
3, 67
Suppose 641*l = 653*l - 141156. What are the prime factors of l?
3, 1307
Let w be (3 + 1)*138/(-12). Let h = w - -48. Suppose 2*x + 0 - h = 0, 2*o - 4*x = 0. List the prime factors of o.
2
List the prime factors of 3/2*2*550814/66.
25037
Let m(x) = x**3 - 4*x**2 - 8*x - 3. Let o be m(5). Let z be 5205/o - (-8)/48. What are the prime factors of 15 - 15 - (0 + z)?
17
Let u = 290 + 1894. Suppose 0 = -7*m - 7*m + u. Suppose 5*f - m - 649 = 0. List the prime factors of f.
7, 23
List the prime factors of 2/(-10 - 178321/(-17831)).
2, 1621
Let y = 78 - 235. Let j = y - -73. Let b = j - -172. List the prime factors of b.
2, 11
List the prime factors of 4528/24*(2 - (-6 - 22)).
2, 5, 283
Let s = -66 + 234. Suppose 0 = 860*k - 862*k - 110. Let j = s + k. List the prime factors of j.
113
Let y be (2578*(-5)/(-10))/1. Suppose s = -3*j - 1241, -5*j + 4*s - 768 - y = 0. Let t = -275 - j. List the prime factors of t.
2, 3, 23
Let m(w) = 1063*w**2 - 3*w - 7. What are the prime factors of m(-1)?
3, 353
What are the prime factors of -6*(-9)/(-513) - (-6327079)/209?
3, 10091
Let a be 3 + 5/(-3) - (-14680)/6. Let z = a + -1655. List the prime factors of z.
13, 61
Suppose 7*x - 5*x = -2*f + 2, 10 = 5*f. Let q(n) = -2*n**2 + 16 - 80*n**3 + n**2 - 17 - 36*n**3 - 2*n. What are the prime factors of q(x)?
2, 29
Suppose 3*a - 13*a - 110 = 0. Let t(c) = 11*c**2 - 8*c + 2. Let q(y) = 32*y**2 - 23*y + 5. Let j(m) = a*t(m) + 4*q(m). List the prime factors of j(-3).
73
Let c = 346 - 484. Let v = 77 + c. What are the prime factors of (-4)/3*6/4*v?
2, 61
Let v = -25 + 177. Let l = 436 - v. List the prime factors of l.
2, 71
Suppose -4 = 28*z - 30*z. Suppose -m - 1527 = -4*h - 4*m, -3*h + 1144 = z*m. List the prime factors of h.
2, 3, 7
Let h(t) = t**3 + 4*t**2 + 27. Let m be h(-5). Suppose -2*s + 3*s + 9 = 4*p, m*p - 2 = -2*s. List the prime factors of 87/(-9)*15/s.
5, 29
Let m = -1102 - -791. Let r = m - -647. What are the prime factors of r?
2, 3, 7
Let q = -2972 - -6253. List the prime factors of q.
17, 193
Let m be 2 + 3*4*1/3. Let x(t) = 101*t**2 + 4*t. Let a(j) = -100*j**2 - 5*j. Let v(b) = m*x(b) + 5*a(b). List the prime factors of v(1).
3, 5, 7
Let w(k) = 8*k**3 + 3*k**2. Let v be w(2). Suppose 29 + v = -5*t. Let x = t + 206. List the prime factors of x.
5, 37
Let r(o) = 765*o**2 + 115*o - 231. List the prime factors of r(2).
7, 19, 23
Suppose 4*n - 3994 = -1426. What are the prime factors of n?
2, 3, 107
Let y(h) be the first derivative of -h**4/4 + 4*h**3 - 9*h**2/2 - 4*h + 14. Let o be y(11). Let f = o - -50. What are the prime factors of f?
2, 17
Let p = 9 + -17. Let i be (562/6)/1 - p/24. Suppose -4*c - 14 = -i. What are the prime factors of c?
2, 5
List the prime factors of (2 - -2 - 3)*(45 - -77706).
3, 53, 163
Suppose 165*q - 579166 = 124*q. List the prime factors of q.
2, 7, 1009
Let m be (9/5)/((-10)/3950). Let y = 997 + m. List the prime factors of y.
2, 11, 13
Suppose -1524*g = -1559*g + 222740. List the prime factors of g.
2, 37, 43
Suppose 0*z = 5*z - 910. Suppose -5*m - 214 = -2*q, 0*q - z = 4*m + 2*q. List the prime factors of ((-4)/5)/(m/20 - -2).
2
Let a be (-3)/6*(-4 + 2). Let t be -4 + 4/1 + 19. List the prime factors of (0 + a)/1*t.
19
Let t be (-5)/((-45)/(-6)) + 11/3. Suppose 4*s + m = -t*m + 32, 8 = -2*s + 4*m. What are the prime factors of 11/22 + 250/s?
3, 7
Let k = 62907 - 35179. List the prime factors of k.
2, 1733
Let c(p) = -32*p - 5 - 30*p + 68*p + 396*p**3. List the prime factors of c(1).
397
Let l = -1099 - -13928. List the prime factors of l.
12829
Suppose -102*c + 269*c = 11341137. What are the prime factors of c?
3, 22637
Let p(x) = x**2 + 14*x - 2. Let s = -42 + 47. Suppose -5*a - s = 70. What are the prime factors of p(a)?
13
Let i = 152 + 178. Suppose 4*u = 4*k + 8, 5*u + k - 33 = u. Suppose -4*x - i = -u*x. List the prime factors of x.
2, 5, 11
Let i(l) = -97*l + 21 + 85*l + 1. Let j be i(-11). Suppose 3*o - 3*p - 201 = 0, -2*o + 0*o - 2*p = -j. What are the prime factors of o?
2, 3
What are the prime factors of (96069/21 - -2) + 5*4/70?
23, 199
Let x(j) = -16*j + 97. Let i be x(6). What are the prime factors of (-734)/(i - 3) + -10 + 8?
5, 73
Suppose 0 = 3*h - 3*d + 1374, -4*h + 2*d - 273 - 1567 = 0. Let j = 918 + h. What are the prime factors of j?
2, 3, 19
Let c(x) = 29*x**3 - 6*x**2 + 38*x + 10. What are the prime factors of c(5)?
3, 5, 7
Let o(v) = -v - 11. Let j be o(-2). Let n be 3/(j/71)*15/(-5). List the prime factors of n - 4/(-4)*-2.
3, 23
Let w(z) = z**3 - 8. Let j be w(7). Let d = j - 108. What are the prime factors of d?
227
Suppose 114 = -55*z - 161. Let y(o) = -4*o**2 + 4*o**2 - 6 - o + 2*o**2. List the prime factors of y(z).
7
Suppose 9909 = 307*v - 298*v. Suppose 9*o = 2328 + v. What are the prime factors of o?
3, 127
Let y(w) = -29*w**3 + 61*w**2 - 21*w - 84. What are the prime factors of y(-11)?
193, 239
Let l(u) = 23*u**3 + 13*u**2 + 4*u - 1. What are the prime factors of l(6)?
53, 103
Let p = 51 + -42. Suppose -p*z + 16 = -z. Suppose -d + 2*g + 123 = 0, 2*d + z*g - 345 = -d. What are the prime factors of d?
3, 13
Let g(w) = 29*w**2 - 5*w + 21. List the prime factors of g(-13).
4987
Let j(p) be the third derivative of -p**6/120 - p**5/5 - 9*p**4/8 - 2*p**3/3 - 35*p**2 + p. What are the prime factors of j(-10)?
2, 3, 11
Let x(i) = 109*i + 542. What are the prime factors of x(48)?
2, 2887
Let o be ((-24)/18)/((-2)/6). Suppose 5*q - 52 = o*w - 0*q, -13 = w - 3*q. Let g(i) = i**2 - 27. What are the prime factors of g(w)?
2, 71
Suppose 48*b - 712265 = 1166791. What are the prime factors of b?
3, 13049
Let u(p) = 81*p**2 + 1526*p + 16. What are the prime factors of u(-21)?
3691
Let i(w) = w**2 + 241*w + 1475. What are the prime factors of i(107)?
38711
Let f(c) = -c**2 + 34*c + 120. Let r be f(-3). Suppose 6692 = -5*w + r*w. What are the prime factors of w?
7, 239
Let x = 3519 + 4240. List the prime factors of x.
7759
Suppose 19*j + 33 = 30*j. What are the prime factors of (3 - -23 - j) + -2?
3, 7
Let m(k) = 3*k - 1. Let n be m(2). Suppose -n*o + 3*o - 68 = -4*x, 5*o + 138 = 2*x. List the prime factors of 5988/52 + -3 - (-4)/o.
2, 7
Suppose -k = -2, 0*k + 5*k = 2*m. Suppose -m*h = 19*h - 12912. What are the prime factors of h?
2, 269
Suppose -15*v + 112391 + 47119 = 0. What are the prime factors of v?
2, 13, 409
Suppose 4 = -v - 5*m, 5*m = 2*m. Let z(k) = k + 8. Let f be z(v). Suppose 0 = 5*d + s + 3*s - 161, 37 = d - f*s. What are the prime factors of d?
3, 11
Let h = 1957 + -1078. What are the prime factors of h?
3, 293
Let n = 23213 + -17385. List the prime factors of n.
2, 31, 47
Let a(m) = -60*m**3 - 7*m**2 + 6*m - 2. Let u be a(-6). Suppose w + 13*w = u. What are the prime factors of w?
5, 181
Let b(s) = -1273*s - 843. List the prime factors of b(-11).
2, 5, 7, 47
Let s = 633 + -965. Let i = 1232 + s. List the prime factors of i.
2, 3, 5
Let l(q) = -2*q**3 + q**2 + 32*q + 3. Let i be l(-7). Suppose 7*s - 1355 = i. List the prime factors of s.
3, 89
Let t be -5 - -8*(-654)/12. Let i = 68 - t. What are the prime factors of i?
509
List the prime factors of (8733 - 10) + -3 + -7.
8713
Let p = -96 - -97. Let c be 5/(p/(1 - 0)). Suppose c*d + j - 147 = 0, d - 4*d + 87 = j. What are the prime factors of d?
2, 3, 5
Suppose 11*s + 3*s = 27*s - 5850. List the prime factors of s.
2, 3, 5
Let t = -234 - -469. Suppose 3*l - t = -2*l. Suppose -l + 179 = 2*d. List the prime factors of d.
2, 3, 11
Suppose -352*n + 357848 = -311*n. What are the prime factors of n?
2, 1091
Suppose -5*o + 208917 = -f, -2136*f - 83562 = -2*o - 2134*f. What are the prime factors of o?
2, 3, 1741
Let x be 346679/184 + (-1)/8. Suppose 0 = -25*t + 31*t - x. List the prime factors of t.
2, 157
Let x(m) = 15*m**2 - 112*m - 2133. What are the prime factors of x(-29)?
2, 5, 1373
Let j = 28370 + -15507. List the prime factors of j.
19, 677
Let r(j) = -j**3 + 31*j**2 + 59*j + 78. What are the prime factors of r(24)?
2, 3, 307
Suppose -5*k = 15 + 15. Let y(b) = b**3 + 11*b**2 - 4*b - 14. What are the prime factors of y(k)?
2, 5, 19
Let w be (-38)/14 + 156/42 + -4. List the prim